0 - 2002?
-1222
In base 11, what is 5 + -52?
-48
In base 12, what is 36 - 3?
33
In base 14, what is -2 + -1d4?
-1d6
In base 3, what is 102211 + -10?
102201
In base 16, what is 3b - 2?
39
In base 13, what is 139 - 11?
128
In base 15, what is 23 + -8?
1a
In base 15, what is 7 - -a7?
ae
In base 12, what is 132b - -2?
1331
In base 14, what is 4 - -3a6?
3aa
In base 15, what is -1 + 4ae?
4ad
In base 3, what is -10110 - -11?
-10022
In base 6, what is -1111 + 1?
-1110
In base 9, what is 1358 - 4?
1354
In base 3, what is -10 + 12?
2
In base 7, what is -1224 - 13?
-1240
In base 3, what is 10111 + 210?
11021
In base 16, what is -3 - -99?
96
In base 9, what is 0 - 231?
-231
In base 5, what is 1 - -112023?
112024
In base 8, what is -5526 + -3?
-5531
In base 3, what is 12 + -1?
11
In base 12, what is 20 + 70?
90
In base 5, what is -213 + -4?
-222
In base 11, what is 68 + -2?
66
In base 2, what is -11000 - -11011?
11
In base 7, what is 15 + -2204?
-2156
In base 11, what is 45 + -4?
41
In base 9, what is -37 - 1?
-38
In base 12, what is 6 - -69?
73
In base 3, what is 100 + 2101?
2201
In base 11, what is 2 + 511?
513
In base 14, what is 1 + -10b?
-10a
In base 2, what is -110010101 + 10?
-110010011
In base 9, what is 0 + 5?
5
In base 4, what is -10 - -12222?
12212
In base 15, what is -e - 31b?
-32a
In base 16, what is -162 + 3?
-15f
In base 5, what is 0 + 231?
231
In base 8, what is 17 + 3?
22
In base 15, what is 38 - 44?
-b
In base 4, what is -2 - 310?
-312
In base 3, what is -20001 + 10?
-12221
In base 8, what is 32 - 207?
-155
In base 6, what is -13020 - -11?
-13005
In base 6, what is 3 + 2125?
2132
In base 10, what is -344 - 5?
-349
In base 13, what is 10b3c - -3?
10b42
In base 3, what is 1221 + 1011?
10002
In base 11, what is 113 + -19?
a5
In base 3, what is 101101121 - -12?
101101210
In base 16, what is -b6 + -4?
-ba
In base 4, what is -3 - -1100?
1031
In base 11, what is 12 - -21a?
231
In base 13, what is -3 - -453?
450
In base 6, what is 100 - 311?
-211
In base 10, what is 16 + 10?
26
In base 3, what is -20 - 20200?
-20220
In base 3, what is -11 - -210111?
210100
In base 5, what is 103 - -124?
232
In base 2, what is 110100010100 - -100?
110100011000
In base 7, what is 25 + 21?
46
In base 15, what is 9 + -5?
4
In base 4, what is 23 - 111?
-22
In base 9, what is 1 - -71?
72
In base 16, what is c + 2b?
37
In base 10, what is -1 + -868?
-869
In base 10, what is -46793 + -5?
-46798
In base 6, what is 4542 - -3?
4545
In base 14, what is -3 - 7?
-a
In base 6, what is 54 + -2?
52
In base 7, what is 13 - -2?
15
In base 2, what is -1000110001111 + -1?
-1000110010000
In base 4, what is -2211 - 1?
-2212
In base 2, what is 1000 + 1011?
10011
In base 7, what is 33 + 33?
66
In base 14, what is 3 + 18?
1b
In base 12, what is -3 - 138?
-13b
In base 12, what is -9 - -170?
163
In base 14, what is -5 - -3?
-2
In base 12, what is a65 - 2?
a63
In base 14, what is b0d - -5?
b14
In base 7, what is -21142 - 4?
-21146
In base 6, what is 4 - -21555?
22003
In base 3, what is 2011000 + -1?
2010222
In base 14, what is -b1 + -83?
-154
In base 6, what is 1314 + -4?
1310
In base 15, what is 2691 - -1?
2692
In base 9, what is -7 - 2570?
-2577
In base 16, what is -6 - -39?
33
In base 15, what is 4 + 0?
4
In base 12, what is 25b + -8?
253
In base 3, what is 101110 - 11?
101022
In base 8, what is -177 + -5?
-204
In base 9, what is -24 - 3?
-27
In base 11, what is 79 + -20?
59
In base 10, what is 98 + -348?
-250
In base 16, what is -5e + 4?
-5a
In base 12, what is 414 + -3?
411
In base 8, what is 17 - 3?
14
In base 4, what is 10 - 303?
-233
In base 6, what is 5 - 513?
-504
In base 13, what is 2 + a?
c
In base 14, what is -3 - -70?
6b
In base 8, what is -5 + -4367?
-4374
In base 14, what is -a8 - -3?
-a5
In base 2, what is -1000101011001101 + -101?
-1000101011010010
In base 12, what is -23 - -1a?
-5
In base 4, what is 0 - 3101?
-3101
In base 13, what is -3 - -19a0?
199a
In base 12, what is 28 + -26?
2
In base 16, what is -e9 - -3?
-e6
In base 4, what is -1000 + -300?
-1300
In base 14, what is 8b + -8?
83
In base 15, what is 1 - 199?
-198
In base 2, what is 10010 + 11110000?
100000010
In base 7, what is -212 + 1?
-211
In base 9, what is -2 - -284?
282
In base 3, what is -11 + -22200?
-22211
In base 13, what is 1 - -25?
26
In base 11, what is 5 - 2016?
-2011
In base 2, what is -10 - 111?
-1001
In base 5, what is 312 + 10?
322
In base 14, what is -4 + 17c1?
17bb
In base 4, what is -11 + -220?
-231
In base 7, what is -1 + 124?
123
In base 9, what is -2243 - 2?
-2245
In base 7, what is 2 - -536?
541
In base 14, what is 0 + 115?
115
In base 4, what is 0 - 33?
-33
In base 10, what is 3 - 83?
-80
In base 11, what is 10 + 1?
11
In base 4, what is 23022 - -2?
23030
In base 12, what is 4 - 12?
-a
In base 14, what is 3 - -731?
734
In base 14, what is 4 + 5a1?
5a5
In base 8, what is 4631 + 0?
4631
In base 3, what is -20 - 200?
-220
In base 9, what is -3 - -76?
73
In base 9, what is -3421 + -5?
-3426
In base 9, what is 1 - 14?
-13
In base 7, what is 11 + 15?
26
In base 13, what is -1c + -12?
-31
In base 14, what is 8 - 16?
-c
In base 15, what is -2a5 + 2?
-2a3
In base 11, what is 9089 - -1?
908a
In base 14, what is -4 - 49a?
-4a0
In base 2, what is -10 - -11100100001?
11100011111
In base 7, what is -6613 + -4?
-6620
In base 15, what is -106 + -36?
-13c
In base 13, what is 0 + -4?
-4
In base 16, what is -244 + 1?
-243
In base 4, what is 12 + -30?
-12
In base 10, what is 98 - 5?
93
In base 13, what is 2188 + -4?
2184
In base 10, what is -4770 + 2?
-4768
In base 16, what is 1 - 14?
-13
In base 12, what is -3 + 1078?
1075
In base 4, what is -312 - -2020?
1102
In base 5, what is -30 + 2?
-23
In base 13, what is 5 - -5a7?
5ac
In base 4, what is 11 + -3310?
-3233
In base 4, what is -130210 - -11?
-130133
In base 2, what is -10 - 1101011?
-1101101
In base 2, what is -101 - 101100010?
-101100111
In base 15, what is -3 - 425?
-428
In base 13, what is 5 - 120?
-118
In base 11, what is -1 - -189?
188
In base 13, what is -5 - -635?
630
In base 11, what is -36a - -5?
-365
In base 10, what is -4024 - 4?
-4028
In base 15, what is 2423 - -4?
2427
In base 8, what is 25 + -403?
-356
In base 8, what is 102 - 102?
0
In base 6, what is -4525 + -3?
-4532
In base 10, what is 2348 + -2?
2346
In base 4, what is -120132 - 0?
-120132
In base 11, what is -9 - -a1?
93
In base 13, what is 4 - -21?
25
In base 5, what is 31 - -22?
103
In base 8, what is 14 + 40?
54
In base 16, what is -26 + -34?
-5a
In base 7, what is -5 - -43?
35
In base 12, what is 96 - 0?
96
In base 4, what is -3120 - 22?
-3202
In base 16, what is e - 80?
-72
In base 11, what is 3 - 68?
-65
In base 11, what is -541 - 4?
-545
In base 15, what is 2 + 232?
234
In base 12, what is 2 - 114?
-112
In base 9, what is -46 + 18?
-27
In base 16, what is -a2a - 2?
-a2c
In base 7, what is -1463 - -1?
-1462
In base 9, what is -426 - 0?
-426
In base 4, what is 133 + 202?
1001
In base 4, what is 201101 - -10?
201111
In base 5, what is -1 + -130?
-131
In base 4, what is -101232 + 0?
-101232
In base 13, what is 1 - -3?
4
In base 11, what is -1588 - -7?
-1581
In base 7, what is -11 + 360?
346
In base 15, what is 5 + dc?
e2
In base 14, what is -897 - 5?
-89c
In base 4, what is 3231 + -210?
3021
In base 9, what is -4707 - 5?
-4713
In base 11, what is -165 + -4?
-169
In base 11, what is -1 - -147?
146
In base 16, what is -6c + -4?
-70
In base 11, what is 2 + 27a?
281
In base 6, what is 341 + 5?
350
In base 3, what is -1112122 - 2?
-1112201
In base 5, what is -2 - 1424?
-1431
In base 10, what is -135 + -34?
-169
In base 6, what is -35 - -1?
-34
In base 14, what is -21 - -5?
-1a
In base 9, what is -55 - -1?
-54
In base 12, what is 51 + 8?
59
In base 11, what is 83a - 13?
827
In base 3, what is -10201 - 1?
-10202
In base 3, what is 0 + -2011?
-2011
In base 13, what is -4 - 6a?
-71
In base 15, what is 6 - -3cd?
3d4
In base 11, what is 6 - -5?
10
In base 5, what is 10 + 10422?
10432
In base 10, what is 13 - -75?
88
In base 2, what is -100110011 + 100?
-100101111
In base 15, what is 135 + 5?
13a
In base 3, what is 12 - 122202?
-122120
In base 10, what is 2 + 1621?
1623
In base 4, what is -33 + 20?
-13
In base 10, what is -1 + 1865?
1864
In base 5, what is -122421 - -2?
-122414
In base 3, wh